m(x).
3
Let h(y) be the third derivative of y**6/360 + y**5/20 + 7*y**4/24 + y**3/6 + 2*y**2. Let k(d) be the first derivative of h(d). What is k(-5)?
2
Let j(c) = -3 + 6*c + 3*c**2 - 4 + 1 - 9*c + c**3. What is j(-4)?
-10
Suppose 0 = -3*v - 8*o + 5*o + 9, -3*o = 5*v - 17. Let h(q) be the second derivative of 0 + 1/20*q**5 - 3*q - 3/2*q**2 - 1/6*q**v - 1/3*q**3. What is h(3)?
0
Let u = -5 - -2. Let b(o) = o - 1. Let r(g) be the first derivative of -g**3/3 + g**2/2 + g + 4. Let a(j) = -2*b(j) + r(j). What is a(u)?
-3
Suppose -4*o - 12 = 5*k, o + 2*k + 6 = -0*k. Let f(g) = 3*g**3 - 2*g**2 - 11*g + 17*g + 4 - g**o - 4*g**3. Determine f(-4).
-4
Suppose -4*s - 4 = -4*u, -4*s + u = -0 - 5. Let c(l) = 3 + l**3 - 2*l**3 - 4*l**2 + 3*l**2 + 3*l - 6. Determine c(s).
-9
Let r(c) = c**3 - 8*c**2 - c + 11. Let h be r(8). Let i(q) = -2*q - q**h + q**2 + 2*q + 2*q**2 - q. What is i(3)?
-3
Let n(o) = 0*o**2 - o**2 + 8*o - 6*o - 1 - 3*o. Determine n(-3).
-7
Let x(h) = -h + 13. Let d be x(12). Let u = d + 2. Let s(j) = -j**3 + 3*j**2 - j - 4. What is s(u)?
-7
Let k(v) be the first derivative of -v**3/3 + 3*v**2/2 - 2*v - 7. Let z(o) = o**2 + 6*o - 3. Let n be z(-7). What is k(n)?
-6
Suppose 4*x = 5 + 15. Let y(h) = -2 - h + 7 + h**3 + 0*h**3 - x*h**2. Let s = -5 + 10. Calculate y(s).
0
Let j(w) = -w**3 - 5*w**2 + 2*w + 2. Suppose 44 = -25*b - 81. Give j(b).
-8
Let u(b) = b**2 - 7*b + 8. Let s be (1 + -4)/(13/(-26)). Calculate u(s).
2
Let m(l) = -l. Let u(p) = 5*p - 6. Let i(x) = -3*m(x) - u(x). Suppose 2*z - 10 = -5*o - 4, -4*o - 6 = -2*z. Let k = z + 1. What is i(k)?
-2
Let p(i) = 30 - 16 - 17 - 2*i - i**2. Let m be (1 - 2)/(4/16). What is p(m)?
-11
Let f be (-12 - 12/(-3)) + 1. Let v(g) = g + 9. What is v(f)?
2
Let j(m) = 4*m - 2. Let x be j(2). Let q be (40/x)/(10/15). Let g = q - 7. Let s(p) = -p**2 + p + 4. Determine s(g).
-2
Let r = 10 - 14. Let l(d) be the second derivative of d**5/20 + 5*d**4/12 + 5*d**3/6 + 3*d**2 + 2*d. Determine l(r).
2
Suppose 4*a + 5*n - 3*n = 4, -5*n = -5*a + 35. Let f(k) = 2*k**2 + 3 - 2 - k**3 + 0 - a. What is f(2)?
-2
Let d(t) = t**2 - 6*t + 2. Let u(p) = 2*p + 22. Let o be u(-9). Determine d(o).
-6
Let a(z) = z**3 + 5*z**2 - 2*z - 6. Let n(c) be the first derivative of c**2/2 - 15*c + 6. Let d be n(10). Determine a(d).
4
Let g(k) be the second derivative of 1/8*k**4 + 1/2*k**2 + 1/30*k**5 + 1/6*k**3 + k + 0 - 1/120*k**6. Let w(a) be the first derivative of g(a). Give w(3).
1
Let x(u) be the third derivative of 1/12*u**5 + 0*u**4 + 0*u + 2/3*u**3 - 2*u**2 + 1/120*u**6 + 0. Determine x(-5).
4
Let m(g) be the second derivative of 1/20*g**5 + 3/2*g**2 + 5*g + 0 + 0*g**3 + 0*g**4. What is m(0)?
3
Let t(n) = 3*n**2 - n**2 + 4 + 3*n**2. Let y(l) = -14*l**2 - l - 11. Let d(p) = 17*t(p) + 6*y(p). Calculate d(5).
-3
Let t(x) = -19*x**2 - 3*x + 2 - 17*x**2 + x**3 - 11*x**2 + 42*x**2. Give t(5).
-13
Let n(y) = 4*y**3 + 6*y**2 + 3*y - 1. Let h(s) = -7*s**3 - 11*s**2 - 5*s + 1. Let a(r) = 3*h(r) + 5*n(r). Give a(-3).
-2
Let i(j) be the third derivative of -j**5/60 - j**4/3 - j**3 + 2*j**2. Calculate i(-6).
6
Let q be (-21)/(-2) + 6/4. Let o = q + -9. Let l(j) = -4 + 2*j + j + 0. Give l(o).
5
Let y(f) = -f**2 + 1. Let m be -1 - -4 - 9/(-9). What is y(m)?
-15
Let q(t) = t - 4. Let r(a) = a**2 + a - 1. Let c be r(2). Let g = -3 + c. Suppose 0 = -g*k - 3*k + 20, 5*k - 17 = s. Calculate q(s).
-1
Let s = -6 - -7. Let m(o) = 0 + s - 3*o + 4. Suppose 14 = 2*f + 4. Calculate m(f).
-10
Let s(h) = -h**3 + 4*h**2 + 5*h + 1. Let m be s(5). Let c = -1 + 2. Let a = m + c. Let p(j) = 2*j**2 - 2*j + 1. Give p(a).
5
Let w(y) = -y**3 + 4*y**2 - 4*y + 6. Let r be 2/6 + 4/(-12). Suppose -4*q = -r*q - o - 14, 4*o = -2*q + 16. Determine w(q).
-10
Let i(y) = y + 1. Suppose -35 = -5*v - 4*l, 20 = l + 3*l. What is i(v)?
4
Let p(z) = -36*z - 15. Let k(w) = 5*w + 2. Let q(h) = -15*k(h) - 2*p(h). What is q(-2)?
6
Let k(g) = 11*g - 3. Let p be (8/20 - (-8)/5) + 0. Give k(p).
19
Let o(c) be the second derivative of -c**3/6 - c**2/2 + 3*c. What is o(5)?
-6
Let s(d) = -8 + d**2 - 1 - 2*d**2 + 12. What is s(3)?
-6
Let d(c) be the first derivative of -1/4*c**4 + 6*c + 0*c**3 - 3 + 0*c**2. What is d(0)?
6
Let u(r) = -r**3 + r + 1. Suppose -2*m + 4 = -2. Suppose 1 + m = -2*t. Calculate u(t).
7
Suppose 0*b = -3*q - 4*b - 23, -2*q = -4*b - 18. Let c be q + -1 - (0 - 4). Let j be 1/(3/c)*-6. Let k(y) = 2*y + 2. Determine k(j).
-6
Let x(c) = 1. Let j be 14/10 + 4/(-10). Let z(b) = b + 6. Let r(w) = j*z(w) - 6*x(w). Suppose m = -2*v + 12, m - 4*m = -3*v. Determine r(m).
4
Let q(c) = -6*c - 1. Suppose 6*l = -2*m + l + 7, 4*m = 3*l + 1. Let u = m + -2. Determine q(u).
5
Suppose 8*i - 3*i - 9 = -4*z, 4*i - 32 = 3*z. Let p(d) = d**2 - 3*d - 7. What is p(i)?
3
Let s(m) = m - 1. Let v(t) = -t**2 + 7*t - 6. Let u be v(6). Let k(p) = p**3 - 5*p**2 - 6*p - 2. Let o be k(6). Let r be -2 - (o + 5) - u. Determine s(r).
-6
Let r(n) = 12 - 7 - n + 0*n. Give r(10).
-5
Let m(k) = 23*k**3 + 4*k**2 + 3*k - 5. Let s(w) = -11*w**3 - 2*w**2 - w + 2. Let t(p) = 2*m(p) + 5*s(p). Give t(1).
-10
Let p(g) = -2*g**2 + 2*g. Suppose -5*h + 9 - 53 = 4*d, 72 = -4*d + 2*h. Let z = 18 + d. Give p(z).
-4
Let d(a) = -2*a**2 + 2*a - 3. Let l = -27 + 29. Determine d(l).
-7
Let i(n) = -3*n + 5. Let q(s) = s**3 - 10*s**2 - 3*s + 34. Let m be q(10). Calculate i(m).
-7
Let i(x) = 11*x**2 - 1. Let j = -13 - -11. Let y be ((-1)/j)/((-6)/(-12)). Determine i(y).
10
Let a(x) = 3*x + 2. Suppose 4*q = 5*i - q - 50, 3*i - 18 = -q. Let j(u) = 3*u**2 + i*u**2 + 13*u - 5*u - 12 + u**3. Let d be j(-9). What is a(d)?
-7
Let m(o) = o**2 + 2*o - 1. Let w be (6/4 - 2)*8. Give m(w).
7
Let r(l) = -3*l**2 + 19*l - 3. Let s(y) = -9*y**2 + 10*y + 7*y**2 + 0 - 1. Let f(q) = -3*r(q) + 5*s(q). Give f(-7).
4
Let b(p) = 0*p**2 - p**2 - 2*p - 4 + 2. Suppose 5*c = 4*v + 1, c + 16 + 3 = -4*v. Let q be b(c). Let x(d) = d**3 + 6*d**2 + 5*d - 3. Determine x(q).
-3
Suppose -4*u - 3*s = -23, 0 = -5*u + 6*s - 2*s + 21. Let w(p) = p**2 - 4*p - 3. Give w(u).
2
Let o(f) = f - 3. Let p be o(5). Let l(q) = -2*q**2 + 2. Determine l(p).
-6
Let v(y) = -2*y**2 - 3*y - 4. Suppose 5*q - 7*c + 3*c + 8 = 0, 2*c - 4 = 4*q. Suppose -2 = 3*f - 4*d - 13, q = -4*d - 20. What is v(f)?
-13
Let q(g) be the third derivative of -g**7/2520 + g**5/120 - g**4/4 + 5*g**2. Let x(y) be the second derivative of q(y). What is x(-1)?
0
Let h(g) = g - 4. Let i be h(8). Let k(b) be the third derivative of -b**4/24 + 5*b**3/6 + 2*b**2. Let o be k(i). Let z(q) = -5*q**2 - q + 1. What is z(o)?
-5
Let k(s) be the second derivative of s**5/20 + s**4/4 - 2*s**3/3 + 2*s**2 - 9*s. What is k(-4)?
4
Let f(m) = -7*m. Suppose -5*q - 2*o + 10 = -4*o, 4*q - 2*o = 6. Let x be (-3 + 1)*(-2)/q. What is f(x)?
-7
Let y(f) = 495*f**2 + f - 497*f**2 + 2*f. Let i(h) = h + 8. Let p be i(-6). Calculate y(p).
-2
Let a(n) = -3*n**2 + 11*n - 11. Let y(l) = l**2 - 5*l + 5. Let p(g) = 4*a(g) + 9*y(g). Give p(1).
-3
Suppose -4*r + 14 = f, -2*r - 1 = -7. Let u(v) be the third derivative of v**4/8 - v**3/3 + 10*v**2. Calculate u(f).
4
Suppose d = -0*d + 2. Let s be 0*2/(-4) - d. Let x(k) be the first derivative of k**3/3 - 3*k**2/2 - k - 6. Calculate x(s).
9
Let m(x) = 2*x**2 - 2. Let k = 0 + 0. Suppose -h = 2 - k. Determine m(h).
6
Let i(o) = 3*o - 2 + o + 3 + 2. Let p be 1*-1*6 + 2. Let j be 5*1/(10/p). Calculate i(j).
-5
Let y(w) = 5*w - 5. Let a(j) = -4*j + 4. Let s(q) = 4*a(q) + 3*y(q). Determine s(-7).
8
Let d(i) = -4*i + 2*i - 3*i + 7*i. Determine d(6).
12
Let x(z) = 3*z. Suppose 3*f - 7 + 31 = 0. Let k be (f - -9) + (-1 - -1). Determine x(k).
3
Let w(d) = -9*d + 3. Let s(z) = 5*z - 2. Let k(m) = -5*s(m) - 2*w(m). Determine k(3).
-17
Let b(u) be the third derivative of u**6/120 - u**5/20 - u**4/24 + u**3/6 + 16*u**2. Let w = 3 - 1. Calculate b(w).
-5
Let t(u) = -16*u. Let s(b) = -b. Let f(m) = -56*s(m) + 4*t(m). What is f(2)?
-16
Let c(y) = -y**3 + 3*y**2 + 3*y. Suppose -12 = -d + 2*v, -4*v = 5*d - 1 - 3. Calculate c(d).
-4
Let z(r) = -3 - 3*r + 7 + r**2 + 0*r**3 + r**3. Suppose 2*s = 4*b - 6, 5*s = 4*b - b - 15. Give z(s).
-5
Let g(o) = 0*o**3 - 1 + 0*o - 4*o**3 - 4*o + 2*o**2 + 2*o. Let k(h) = -9*h**3 + 3*h**2 - 4*h - 1. Let r(x) = 7*g(x) - 3*k(x). Calculate r(3).
8
Let v(m) = -2*m + 9. Let f(c) = 6*c - 26.